 factors of 2446.
2, 1223
List the prime factors of 2513.
7, 359
List the prime factors of 645.
3, 5, 43
List the prime factors of 76.
2, 19
List the prime factors of 8877.
3, 11, 269
List the prime factors of 7817.
7817
List the prime factors of 549.
3, 61
What are the prime factors of 1882?
2, 941
List the prime factors of 44084.
2, 103, 107
What are the prime factors of 4516?
2, 1129
List the prime factors of 121085.
5, 61, 397
What are the prime factors of 164554?
2, 13, 6329
List the prime factors of 5719.
7, 19, 43
List the prime factors of 64043.
7, 1307
What are the prime factors of 14492?
2, 3623
List the prime factors of 937.
937
List the prime factors of 4152.
2, 3, 173
List the prime factors of 3892.
2, 7, 139
What are the prime factors of 4954?
2, 2477
What are the prime factors of 13777?
23, 599
List the prime factors of 31432.
2, 3929
List the prime factors of 927.
3, 103
List the prime factors of 763.
7, 109
List the prime factors of 44449.
44449
What are the prime factors of 615?
3, 5, 41
List the prime factors of 41537.
73, 569
List the prime factors of 55227.
3, 41, 449
List the prime factors of 1904.
2, 7, 17
List the prime factors of 4281.
3, 1427
What are the prime factors of 20684?
2, 5171
List the prime factors of 136475.
5, 53, 103
What are the prime factors of 47336?
2, 61, 97
List the prime factors of 84355.
5, 16871
What are the prime factors of 5071?
11, 461
List the prime factors of 422.
2, 211
List the prime factors of 2059.
29, 71
List the prime factors of 41535.
3, 5, 13, 71
List the prime factors of 9336.
2, 3, 389
List the prime factors of 1926.
2, 3, 107
List the prime factors of 35596.
2, 11, 809
What are the prime factors of 4056?
2, 3, 13
What are the prime factors of 11236?
2, 53
What are the prime factors of 5096?
2, 7, 13
What are the prime factors of 12874?
2, 41, 157
What are the prime factors of 16255?
5, 3251
List the prime factors of 21924.
2, 3, 7, 29
List the prime factors of 2355.
3, 5, 157
List the prime factors of 6015.
3, 5, 401
List the prime factors of 1857.
3, 619
List the prime factors of 17495.
5, 3499
List the prime factors of 93021.
3, 101, 307
List the prime factors of 700.
2, 5, 7
List the prime factors of 1060.
2, 5, 53
List the prime factors of 8273.
8273
List the prime factors of 97.
97
What are the prime factors of 4968?
2, 3, 23
List the prime factors of 1887.
3, 17, 37
List the prime factors of 97.
97
List the prime factors of 17149.
11, 1559
What are the prime factors of 14594?
2, 7297
What are the prime factors of 24?
2, 3
List the prime factors of 5111.
19, 269
What are the prime factors of 6668?
2, 1667
What are the prime factors of 2913?
3, 971
What are the prime factors of 50324?
2, 23, 547
What are the prime factors of 474?
2, 3, 79
What are the prime factors of 446?
2, 223
What are the prime factors of 4053?
3, 7, 193
List the prime factors of 661.
661
What are the prime factors of 45518?
2, 11, 2069
What are the prime factors of 7391?
19, 389
List the prime factors of 21969.
3, 2441
What are the prime factors of 4030?
2, 5, 13, 31
What are the prime factors of 1433?
1433
List the prime factors of 2214.
2, 3, 41
What are the prime factors of 4296?
2, 3, 179
What are the prime factors of 165597?
3, 17, 191
What are the prime factors of 31539?
3, 10513
What are the prime factors of 7749?
3, 7, 41
List the prime factors of 4195.
5, 839
What are the prime factors of 16400?
2, 5, 41
What are the prime factors of 3966?
2, 3, 661
List the prime factors of 516.
2, 3, 43
What are the prime factors of 2540?
2, 5, 127
List the prime factors of 1127.
7, 23
List the prime factors of 99.
3, 11
List the prime factors of 26158.
2, 11, 29, 41
List the prime factors of 6230.
2, 5, 7, 89
What are the prime factors of 17147?
13, 1319
What are the prime factors of 4817?
4817
What are the prime factors of 33?
3, 11
List the prime factors of 5.
5
What are the prime factors of 1750?
2, 5, 7
List the prime factors of 1512.
2, 3, 7
List the prime factors of 8838.
2, 3, 491
List the prime factors of 7928.
2, 991
List the prime factors of 61616.
2, 3851
What are the prime factors of 3648?
2, 3, 19
List the prime factors of 945.
3, 5, 7
What are the prime factors of 59258?
2, 29629
What are the prime factors of 217?
7, 31
What are the prime factors of 2411?
2411
List the prime factors of 142789.
142789
What are the prime factors of 4678?
2, 2339
What are the prime factors of 1973?
1973
List the prime factors of 1533.
3, 7, 73
What are the prime factors of 1533?
3, 7, 73
What are the prime factors of 1427?
1427
List the prime factors of 269.
269
What are the prime factors of 20562?
2, 3, 23, 149
List the prime factors of 632.
2, 79
List the prime factors of 2062.
2, 1031
List the prime factors of 494.
2, 13, 19
List the prime factors of 5602.
2, 2801
List the prime factors of 9045.
3, 5, 67
List the prime factors of 14016.
2, 3, 73
List the prime factors of 25241.
43, 587
List the prime factors of 951.
3, 317
List the prime factors of 36077.
43, 839
List the prime factors of 5196.
2, 3, 433
List the prime factors of 8372.
2, 7, 13, 23
List the prime factors of 5261.
5261
List the prime factors of 2696.
2, 337
What are the prime factors of 2780?
2, 5, 139
What are the prime factors of 449?
449
List the prime factors of 25.
5
List the prime factors of 1464.
2, 3, 61
List the prime factors of 15195.
3, 5, 1013
What are the prime factors of 4031?
29, 139
List the prime factors of 31716.
2, 3, 881
What are the prime factors of 12136?
2, 37, 41
What are the prime factors of 198?
2, 3, 11
List the prime factors of 24761.
11, 2251
List the prime factors of 2575.
5, 103
What are the prime factors of 13957?
17, 821
What are the prime factors of 2097?
3, 233
List the prime factors of 936.
2, 3, 13
What are the prime factors of 27775?
5, 11, 101
What are the prime factors of 12566?
2, 61, 103
What are the prime factors of 18325?
5, 733
What are the prime factors of 9525?
3, 5, 127
What are the prime factors of 13192?
2, 17, 97
What are the prime factors of 15912?
2, 3, 13, 17
List the prime factors of 97.
97
List the prime factors of 19296.
2, 3, 67
What are the prime factors of 1066?
2, 13, 41
What are the prime factors of 30309?
3, 10103
List the prime factors of 25671.
3, 43, 199
List the prime factors of 27435.
3, 5, 31, 59
What are the prime factors of 91068?
2, 3, 7589
List the prime factors of 6524.
2, 7, 233
What are the prime factors of 46077?
3, 15359
List the prime factors of 713.
23, 31
List the prime factors of 44827.
23, 1949
What are the prime factors of 1349?
19, 71
What are the prime factors of 19733?
7, 2819
What are the prime factors of 1706?
2, 853
List the prime factors of 66775.
5, 2671
List the prime factors of 24753.
3, 37, 223
List the prime factors of 2801.
2801
List the prime factors of 18683.
7, 17, 157
List the prime factors of 23409.
3, 17
List the prime factors of 4027.
4027
List the prime factors of 92818.
2, 11, 4219
List the prime factors of 4983.
3, 11, 151
What are the prime factors of 474?
2, 3, 79
What are the prime factors of 10828?
2, 2707
What are the prime factors of 718?
2, 359
What are the prime factors of 17223?
3, 5741
What are the prime factors of 20568?
2, 3, 857
List the prime factors of 192.
2, 3
List the prime factors of 53493.
3, 11, 1621
What are the prime factors of 405?
3, 5
List the prime factors of 745.
5, 149
List the prime factors of 1353.
3, 11, 41
List the prime factors of 8223.
3, 2741
What are the prime factors of 54092?
2, 13523
List the prime factors of 11467.
11467
What are the prime factors of 69199?
13, 5323
What are the prime factors of 23282?
2, 7, 1663
List the prime factors of 1044.
2, 3, 29
List the prime factors of 2126.
2, 1063
List the prime factors of 46984.
2, 7, 839
What are the prime factors of 909?
3, 101
What are the prime factors of 6124?
2, 1531
What are the prime factors of 1085?
5, 7, 31
List the prime factors of 3928.
2, 491
What are the prime factors of 24233?
11, 2203
List the prime factors of 2151.
3, 239
List the prime factors of 21.
3, 7
What are the prime factors of 3196?
2, 17, 47
What are the prime factors of 504?
2, 3, 7
What are the prime factors of 195562?
2, 277, 353
List the prime factors of 18260.
2, 5, 11